ds digit of 8630?
8
What is the hundreds digit of 1580?
5
What is the units digit of 1744?
4
What is the hundreds digit of 879?
8
What is the ten thousands digit of 41292?
4
What is the units digit of 1005?
5
What is the hundreds digit of 104665?
6
What is the thousands digit of 4154?
4
What is the units digit of 6372?
2
What is the ten thousands digit of 14491?
1
What is the units digit of 269?
9
What is the thousands digit of 14487?
4
What is the tens digit of 2060?
6
What is the units digit of 11140?
0
What is the thousands digit of 3526?
3
What is the thousands digit of 2775?
2
What is the units digit of 3546?
6
What is the thousands digit of 10528?
0
What is the tens digit of 3927?
2
What is the hundreds digit of 13986?
9
What is the hundreds digit of 41338?
3
What is the hundreds digit of 249?
2
What is the hundreds digit of 2857?
8
What is the tens digit of 7877?
7
What is the thousands digit of 1551?
1
What is the thousands digit of 5357?
5
What is the units digit of 2834?
4
What is the tens digit of 2264?
6
What is the tens digit of 2795?
9
What is the thousands digit of 13772?
3
What is the thousands digit of 10137?
0
What is the hundreds digit of 798?
7
What is the thousands digit of 90524?
0
What is the tens digit of 339?
3
What is the thousands digit of 11912?
1
What is the units digit of 598?
8
What is the thousands digit of 1059?
1
What is the thousands digit of 3065?
3
What is the tens digit of 791?
9
What is the units digit of 22058?
8
What is the units digit of 2467?
7
What is the tens digit of 40?
4
What is the thousands digit of 1628?
1
What is the thousands digit of 30601?
0
What is the hundreds digit of 1632?
6
What is the units digit of 12416?
6
What is the tens digit of 122633?
3
What is the tens digit of 101914?
1
What is the ten thousands digit of 17354?
1
What is the ten thousands digit of 33066?
3
What is the units digit of 2281?
1
What is the hundreds digit of 838?
8
What is the units digit of 6218?
8
What is the thousands digit of 14949?
4
What is the tens digit of 43653?
5
What is the hundreds digit of 6878?
8
What is the tens digit of 4938?
3
What is the thousands digit of 1986?
1
What is the hundreds digit of 71017?
0
What is the hundreds digit of 40030?
0
What is the tens digit of 7888?
8
What is the tens digit of 365?
6
What is the ten thousands digit of 64274?
6
What is the units digit of 2922?
2
What is the ten thousands digit of 22936?
2
What is the tens digit of 49113?
1
What is the tens digit of 1522?
2
What is the tens digit of 143732?
3
What is the thousands digit of 18183?
8
What is the hundreds digit of 226?
2
What is the thousands digit of 1344?
1
What is the ten thousands digit of 63511?
6
What is the units digit of 10337?
7
What is the hundreds digit of 13531?
5
What is the ten thousands digit of 49045?
4
What is the hundreds digit of 710?
7
What is the units digit of 64660?
0
What is the tens digit of 600?
0
What is the thousands digit of 1087?
1
What is the hundreds digit of 4263?
2
What is the hundreds digit of 778?
7
What is the tens digit of 10582?
8
What is the tens digit of 14076?
7
What is the ten thousands digit of 97021?
9
What is the thousands digit of 2005?
2
What is the tens digit of 39520?
2
What is the thousands digit of 9779?
9
What is the units digit of 811?
1
What is the thousands digit of 4187?
4
What is the ten thousands digit of 44786?
4
What is the hundreds digit of 73927?
9
What is the units digit of 15796?
6
What is the hundreds digit of 1185?
1
What is the units digit of 1249?
9
What is the tens digit of 13608?
0
What is the units digit of 888?
8
What is the units digit of 72509?
9
What is the hundred thousands digit of 108081?
1
What is the tens digit of 2942?
4
What is the thousands digit of 5944?
5
What is the thousands digit of 13475?
3
What is the thousands digit of 23510?
3
What is the units digit of 1300?
0
What is the tens digit of 804?
0
What is the thousands digit of 81415?
1
What is the ten thousands digit of 22290?
2
What is the hundreds digit of 604?
6
What is the ten thousands digit of 90253?
9
What is the units digit of 80156?
6
What is the tens digit of 60967?
6
What is the tens digit of 4755?
5
What is the units digit of 61322?
2
What is the hundreds digit of 2418?
4
What is the units digit of 643?
3
What is the tens digit of 360?
6
What is the units digit of 6979?
9
What is the tens digit of 1328?
2
What is the units digit of 543?
3
What is the hundreds digit of 9270?
2
What is the tens digit of 4205?
0
What is the units digit of 154?
4
What is the tens digit of 9060?
6
What is the tens digit of 1980?
8
What is the hundreds digit of 17411?
4
What is the units digit of 1869?
9
What is the tens digit of 53903?
0
What is the thousands digit of 2520?
2
What is the hundreds digit of 3232?
2
What is the ten thousands digit of 97545?
9
What is the units digit of 2448?
8
What is the tens digit of 874?
7
What is the units digit of 9859?
9
What is the tens digit of 128219?
1
What is the hundreds digit of 539?
5
What is the thousands digit of 133344?
3
What is the hundreds digit of 9830?
8
What is the hundreds digit of 1213?
2
What is the thousands digit of 9711?
9
What is the units digit of 6832?
2
What is the tens digit of 70190?
9
What is the units digit of 1989?
9
What is the hundreds digit of 47020?
0
What is the tens digit of 2381?
8
What is the units digit of 435?
5
What is the hundreds digit of 1204?
2
What is the thousands digit of 1908?
1
What is the units digit of 2066?
6
What is the ten thousands digit of 76672?
7
What is the tens digit of 11151?
5
What is the hundreds digit of 2811?
8
What is the thousands digit of 7940?
7
What is the units digit of 24137?
7
What is the tens digit of 1021?
2
What is the thousands digit of 28189?
8
What is the tens digit of 5957?
5
What is the hundreds digit of 801?
8
What is the tens digit of 1468?
6
What is the thousands digit of 1025?
1
What is the units digit of 7267?
7
What is the ten thousands digit of 69527?
6
What is the thousands digit of 3138?
3
What is the units digit of 1322?
2
What is the ten thousands digit of 63580?
6
What is the hundreds digit of 1214?
2
What is the hundreds digit of 1841?
8
What is the thousands digit of 1392?
1
What is the tens digit of 4813?
1
What is the thousands digit of 4559?
4
What is the units digit of 24829?
9
What is the hundreds digit of 29066?
0
What is the hundreds digit of 1624?
6
What is the hundreds digit of 10001?
0
What is the hundreds digit of 11270?
2
What is the units digit of 2043?
3
What is the tens digit of 485?
8
What is the tens digit of 21250?
5
What is the tens digit of 14930?
3
What is the units digit of 46856?
6
What is the hundreds digit of 1062?
0
What is the hundreds digit of 5115?
1
What is the hundreds digit of 730?
7
What is the tens digit of 1567?
6
What is the thousands digit of 1312?
1
What is the units digit of 1201?
1
What is the ten thousands digit of 43532?
4
What is the units digit of 4665?
5
What is the thousands digit of 32043?
2
What is the units digit of 8743?
3
What is the tens digit of 6056?
5
What is the units digit of 8729?
9
What is the units digit of 175?
5
What is the tens digit of 271?
7
What is the units digit of 1571?
1
What is the tens digit of 91854?
5
What is the hundreds digit of 2309?
3
What is the thousands digit of 13140?
3
What is the tens digit of 1973?
7
What is the hundreds digit of 101566?
5
What is the thousands digit of 3090?
3
What is the units digit of 35295?
5
What is the hundreds digit of 1868?
8
What is the tens digit of 4163?
6
What is the units digit of 904?
4
What is the hundreds digit of 7183?
1
What is the tens digit of 3408?
0
What is the tens digit of 1754?
5
What is the thousands digit of 4525?
4
What is the thousands digit of 5980?
5
What is the ten thousands digit of 26801?
2
What is the tens digit of 1617?
1
What is the units digit of 3666?
6
What is the ten thousands digit of 46861?
4
What is the thousands digit of 43263?
3
What is the units digit of 1460?
0
What is the tens digit of 9678?
7
What is the ten thousands digit of 14942?
1
What is the hundreds digit of 8648?
6
What is the ten thousands digit of 49402?
4
What is the hundreds digit of 832?
8
What is the units digit of 910?
0
What is th